6940.
10230
Calculate the greatest common divisor of 11500 and 13375.
125
Calculate the highest common factor of 1472202 and 79734.
822
What is the greatest common factor of 45867165 and 1185?
15
Calculate the greatest common divisor of 137856356 and 8.
4
What is the highest common factor of 2553 and 381396?
111
Calculate the highest common factor of 17488552 and 69576.
1784
What is the greatest common factor of 916306 and 61202?
862
What is the greatest common factor of 788609 and 6727?
31
Calculate the greatest common factor of 48955994 and 530.
106
What is the greatest common divisor of 189 and 4000101?
21
Calculate the greatest common factor of 352379 and 65598.
841
Calculate the highest common divisor of 2562965 and 10.
5
Calculate the highest common factor of 4967068 and 13609.
31
What is the highest common factor of 27006 and 79296?
42
What is the greatest common factor of 112 and 22365840?
112
What is the highest common divisor of 14 and 24007886?
14
Calculate the greatest common factor of 54560 and 110980.
620
What is the highest common factor of 32983470 and 29835?
1755
What is the greatest common divisor of 153 and 52899036?
51
What is the greatest common factor of 96 and 49885236?
12
What is the highest common divisor of 284429565 and 3465?
315
Calculate the highest common divisor of 34976875 and 227075.
7325
What is the greatest common divisor of 102398077 and 61?
61
What is the highest common factor of 187866 and 63585?
27
What is the greatest common factor of 10530 and 21487050?
1170
Calculate the greatest common factor of 4841395 and 45.
5
What is the highest common factor of 8294 and 2507648?
286
What is the highest common factor of 10104 and 13105309?
421
Calculate the highest common divisor of 9972900 and 64575.
1575
Calculate the greatest common divisor of 2094148 and 675584.
812
Calculate the highest common divisor of 1086240 and 20088.
744
Calculate the highest common divisor of 1872150 and 1782900.
1050
What is the greatest common divisor of 23 and 13101881?
23
Calculate the highest common factor of 2610 and 41142.
6
Calculate the greatest common factor of 813 and 38597988.
813
What is the greatest common divisor of 13533430 and 1840?
230
What is the highest common factor of 23441 and 99077?
11
What is the greatest common divisor of 1880910 and 72?
18
Calculate the greatest common divisor of 1753403 and 2.
1
Calculate the highest common divisor of 179157495 and 8733.
8733
Calculate the highest common divisor of 13444606 and 1596.
14
What is the greatest common divisor of 12348 and 3653916?
84
Calculate the greatest common divisor of 960 and 894.
6
What is the greatest common factor of 667513 and 231?
77
What is the highest common divisor of 222111 and 93425?
37
Calculate the highest common divisor of 8899 and 79288.
11
What is the greatest common divisor of 5983 and 23858274?
193
Calculate the highest common divisor of 1645 and 42311985.
235
Calculate the greatest common factor of 197995 and 28385.
35
What is the highest common factor of 5446 and 406322?
14
Calculate the highest common divisor of 7997119 and 1235.
247
Calculate the greatest common factor of 40390406 and 70.
14
Calculate the highest common factor of 106 and 3787433.
53
Calculate the greatest common factor of 2653935 and 1740.
435
What is the highest common divisor of 323712 and 173034?
18
What is the greatest common divisor of 38308 and 1379716?
628
Calculate the greatest common divisor of 45592 and 3540268.
164
Calculate the highest common divisor of 245112 and 15710512.
11672
Calculate the greatest common divisor of 1287 and 361326537.
1287
What is the highest common factor of 47163225 and 57?
57
Calculate the greatest common divisor of 66 and 579669992.
22
What is the greatest common factor of 540 and 23272164?
108
What is the greatest common divisor of 21934 and 3052814?
1994
Calculate the highest common divisor of 421835 and 14120.
1765
What is the greatest common divisor of 13609 and 2594929?
439
What is the greatest common factor of 13 and 29048890?
13
What is the highest common factor of 1675177 and 2147453?
1169
Calculate the highest common divisor of 72965056 and 892352.
12224
What is the greatest common factor of 474 and 12818224?
158
Calculate the highest common divisor of 321713 and 224.
7
What is the highest common factor of 303 and 2981419?
101
What is the highest common factor of 625 and 50536700?
25
What is the highest common divisor of 112719294 and 54?
18
Calculate the highest common factor of 65 and 875220671.
13
Calculate the greatest common divisor of 4784 and 4908644.
52
Calculate the highest common factor of 61695 and 16635714.
1371
What is the highest common factor of 560 and 1805300?
140
What is the greatest common divisor of 10267 and 2947?
1
Calculate the greatest common factor of 454883 and 88.
11
Calculate the greatest common divisor of 39226 and 156486.
22
Calculate the highest common factor of 24 and 26822076.
12
Calculate the greatest common divisor of 22259155 and 149710.
6805
Calculate the greatest common divisor of 84384 and 216288.
288
Calculate the greatest common divisor of 7840 and 1268720.
80
Calculate the greatest common divisor of 103330195 and 685.
685
Calculate the highest common divisor of 407916 and 3564.
324
Calculate the highest common factor of 25047 and 446633.
11
Calculate the highest common factor of 6140 and 912260.
20
Calculate the greatest common factor of 29 and 118743487.
29
What is the greatest common divisor of 28684984 and 34?
34
Calculate the highest common divisor of 102419 and 5009625.
4453
Calculate the highest common divisor of 86360904 and 162.
162
What is the highest common factor of 7005732 and 312?
12
What is the highest common factor of 427639 and 575?
23
What is the highest common factor of 93 and 23065116?
93
What is the greatest common divisor of 248603959 and 17811?
1979
What is the greatest common factor of 123966 and 93862?
142
What is the greatest common divisor of 387 and 2365817?
43
Calculate the greatest common divisor of 320874 and 2202.
6
Calculate the highest common factor of 18440804 and 472.
236
What is the highest common factor of 14392 and 31094?
14
What is the greatest common divisor of 1395558 and 180?
18
What is the greatest common factor of 7085696 and 22261?
197
Calculate the greatest common factor of 666112221 and 25893.
3699
What is the greatest common factor of 144 and 2385952?
16
Calculate the greatest common factor of 557854 and 220.
22
Calculate the highest common factor of 2379429 and 11973.
39
Calculate the highest common divisor of 212 and 68803328.
212
What is the greatest common factor of 1382475 and 6875?
25
Calculate the highest common factor of 78165 and 4504427.
193
Calculate the highest common factor of 105 and 676680.
15
What is the greatest common divisor of 1148182 and 56?
14
Calculate the highest common divisor of 32 and 3145276.
4
Calculate the greatest common divisor of 36 and 466703508.
12
Calculate the highest common factor of 17384 and 1922244.
164
Calculate the highest common divisor of 11248320 and 30.
30
What is the highest common factor of 10136 and 4569164?
724
Calculate the highest common factor of 108315 and 39757.
83
Calculate the greatest common divisor of 1118665 and 4809.
229
What is the highest common divisor of 7299867 and 1238?
619
What is the highest common factor of 8492 and 1177?
11
What is the greatest common divisor of 233 and 552970279?
233
What is the highest common factor of 1220 and 7110770?
610
What is the greatest common divisor of 115012081 and 2753?
2753
What is the highest common divisor of 141 and 623318559?
141
What is the greatest common divisor of 58584363 and 272?
17
Calculate the highest common divisor of 339 and 17214081.
339
Calculate the highest common factor of 59300 and 4860.
20
What is the highest common factor of 13526083 and 47?
47
Calculate the highest common divisor of 39351 and 10026433.
1009
What is the greatest common divisor of 20145 and 952170?
255
What is the highest common factor of 2350189 and 1247?
29
What is the highest common factor of 6095402 and 5552?
694
Calculate the highest common factor of 952 and 1360994432.
952
Calculate the highest common divisor of 246 and 4239078.
6
Wha